{"id":2638,"date":"2020-03-31T15:15:57","date_gmt":"2020-03-31T13:15:57","guid":{"rendered":"http:\/\/parafiaszklarygorne.pl\/?page_id=2638"},"modified":"2026-04-13T17:51:41","modified_gmt":"2026-04-13T15:51:41","slug":"msza-on-line","status":"publish","type":"page","link":"https:\/\/parafiaszklarygorne.pl\/index.php\/msza-on-line\/","title":{"rendered":"nabo\u017ce\u0144stwa on-line nadawane z ko\u015bcio\u0142a parafialnego w Szklarach G\u00f3rnych"},"content":{"rendered":"\n<figure class=\"wp-block-embed is-type-video is-provider-youtube wp-block-embed-youtube wp-embed-aspect-4-3 wp-has-aspect-ratio\"><div class=\"wp-block-embed__wrapper\">\n<iframe loading=\"lazy\" title=\"Parafia Szklary G\u00f3rne \u2013 transmisja na \u017cywo\" width=\"810\" height=\"608\" src=\"https:\/\/www.youtube.com\/embed\/n_UH6lLZyw4?feature=oembed\" frameborder=\"0\" allow=\"accelerometer; autoplay; clipboard-write; encrypted-media; gyroscope; picture-in-picture; web-share\" referrerpolicy=\"strict-origin-when-cross-origin\" allowfullscreen><\/iframe>\n<\/div><\/figure>\n\n\n\n<p>Link do kana\u0142u parafii w serwisie YouTube: <a href=\"https:\/\/www.youtube.com\/@parafiaszklarygorne340\/streams\" target=\"_blank\" rel=\"noreferrer noopener nofollow\">https:\/\/www.youtube.com\/@parafiaszklarygorne340\/streams<\/a><\/p>\n","protected":false},"excerpt":{"rendered":"<p>Link do kana\u0142u parafii w serwisie YouTube: https:\/\/www.youtube.com\/@parafiaszklarygorne340\/streams<\/p>\n","protected":false},"author":1,"featured_media":0,"parent":0,"menu_order":0,"comment_status":"closed","ping_status":"closed","template":"","meta":{"footnotes":""},"class_list":["post-2638","page","type-page","status-publish","hentry"],"_links":{"self":[{"href":"https:\/\/parafiaszklarygorne.pl\/index.php\/wp-json\/wp\/v2\/pages\/2638","targetHints":{"allow":["GET"]}}],"collection":[{"href":"https:\/\/parafiaszklarygorne.pl\/index.php\/wp-json\/wp\/v2\/pages"}],"about":[{"href":"https:\/\/parafiaszklarygorne.pl\/index.php\/wp-json\/wp\/v2\/types\/page"}],"author":[{"embeddable":true,"href":"https:\/\/parafiaszklarygorne.pl\/index.php\/wp-json\/wp\/v2\/users\/1"}],"replies":[{"embeddable":true,"href":"https:\/\/parafiaszklarygorne.pl\/index.php\/wp-json\/wp\/v2\/comments?post=2638"}],"version-history":[{"count":275,"href":"https:\/\/parafiaszklarygorne.pl\/index.php\/wp-json\/wp\/v2\/pages\/2638\/revisions"}],"predecessor-version":[{"id":7741,"href":"https:\/\/parafiaszklarygorne.pl\/index.php\/wp-json\/wp\/v2\/pages\/2638\/revisions\/7741"}],"wp:attachment":[{"href":"https:\/\/parafiaszklarygorne.pl\/index.php\/wp-json\/wp\/v2\/media?parent=2638"}],"curies":[{"name":"wp","href":"https:\/\/api.w.org\/{rel}","templated":true}]}}