{"id":254,"date":"2017-08-30T11:52:40","date_gmt":"2017-08-30T11:52:40","guid":{"rendered":"http:\/\/parafiaszklarygorne.pl\/?page_id=254"},"modified":"2017-08-30T11:52:40","modified_gmt":"2017-08-30T11:52:40","slug":"pokuta","status":"publish","type":"page","link":"https:\/\/parafiaszklarygorne.pl\/index.php\/pokuta\/","title":{"rendered":"Sakrament Pokuty"},"content":{"rendered":"<p><img loading=\"lazy\" decoding=\"async\" class=\"alignnone size-medium wp-image-360\" src=\"http:\/\/parafiaszklarygorne.pl\/wp-content\/uploads\/2017\/08\/P1040496-300x225.jpg\" alt=\"\" width=\"300\" height=\"225\" \/><\/p>\n<h2>POJEDNANIE I POKUTA (SPOWIED\u0179)<\/h2>\n<p>Okazja do spowiedzi w naszej parafii 30 min. przed Mszami, b\u0105d\u017a nabo\u017ce\u0144stwami<br \/>\nWarunki Sakramentu Pojednania i Pokuty<br \/>\n<span style=\"font-size: 1rem;\">1. Rachunek Sumienia<br \/>\n<\/span><span style=\"font-size: 1rem;\">2. \u017bal za grzechy<br \/>\n<\/span><span style=\"font-size: 1rem;\">3. Mocne postanowienie poprawy<br \/>\n<\/span><span style=\"font-size: 1rem;\">4. Szczera spowied\u017a<br \/>\n<\/span><span style=\"font-size: 1rem;\">5. Zado\u015b\u0107uczynienie Panu Bogu i bli\u017aniemu<\/span><\/p>\n","protected":false},"excerpt":{"rendered":"<p>POJEDNANIE I POKUTA (SPOWIED\u0179) Okazja do spowiedzi w naszej parafii 30 min. przed Mszami, b\u0105d\u017a nabo\u017ce\u0144stwami Warunki Sakramentu Pojednania i Pokuty 1. Rachunek Sumienia 2. \u017bal za grzechy 3. Mocne postanowienie poprawy 4. Szczera spowied\u017a<\/p>\n","protected":false},"author":2,"featured_media":0,"parent":0,"menu_order":0,"comment_status":"closed","ping_status":"closed","template":"","meta":{"footnotes":""},"class_list":["post-254","page","type-page","status-publish","hentry"],"_links":{"self":[{"href":"https:\/\/parafiaszklarygorne.pl\/index.php\/wp-json\/wp\/v2\/pages\/254","targetHints":{"allow":["GET"]}}],"collection":[{"href":"https:\/\/parafiaszklarygorne.pl\/index.php\/wp-json\/wp\/v2\/pages"}],"about":[{"href":"https:\/\/parafiaszklarygorne.pl\/index.php\/wp-json\/wp\/v2\/types\/page"}],"author":[{"embeddable":true,"href":"https:\/\/parafiaszklarygorne.pl\/index.php\/wp-json\/wp\/v2\/users\/2"}],"replies":[{"embeddable":true,"href":"https:\/\/parafiaszklarygorne.pl\/index.php\/wp-json\/wp\/v2\/comments?post=254"}],"version-history":[{"count":0,"href":"https:\/\/parafiaszklarygorne.pl\/index.php\/wp-json\/wp\/v2\/pages\/254\/revisions"}],"wp:attachment":[{"href":"https:\/\/parafiaszklarygorne.pl\/index.php\/wp-json\/wp\/v2\/media?parent=254"}],"curies":[{"name":"wp","href":"https:\/\/api.w.org\/{rel}","templated":true}]}}